 - 50 + 15. Let l(k) = 4*k + 9. What is l(f)?
-15
Let j be 1 - -6 - (2 + 1). Let i be ((-3 - 1) + j)/(-2). Let w(a) be the third derivative of -a**4/24 - 5*a**3/6 - 3*a**2. Give w(i).
-5
Suppose 0 = 2*l + d - 5, d - 8 = -2*l - 3*d. Let r(w) = -9*w**2 + 3 - 3 + 10*w**l. Calculate r(2).
4
Let p(m) = -3*m + 2. Let x(z) = -2*z + 2. Let q(o) = -6*p(o) + 7*x(o). Suppose -i + 0*i - 10*i = 33. What is q(i)?
-10
Let t(p) = p**2 + p + 14. Let x = -30 + 33. Suppose -z - 3*z + 8 = 5*f, x*f - 4 = -2*z. What is t(f)?
14
Let b(w) = w**3 + 3*w**2 + 4*w + 2. Let m(p) be the second derivative of -1/12*p**4 + 7/2*p**3 - 23/2*p**2 + 0 - 6*p. Let g be m(20). Give b(g).
-10
Let d(m) = m**3 + 6*m**2 - 10*m + 5. Let f = 56 + -64. Calculate d(f).
-43
Suppose 15*v = 4 - 79. Let t(r) = 3*r + 3. Give t(v).
-12
Let d be 2/3 + (-20)/(-6). Let w(t) = 95*t - 31*t - 26*t - 18*t - 18*t - t**2. Give w(d).
-8
Let c(w) = -6*w**3 + w**2 - w. Let p(d) = d - 9. Let m be p(10). Give c(m).
-6
Let b(s) be the second derivative of s**3 + 3*s**2 - s + 67. Give b(-1).
0
Suppose -4*t + t + 12 = 0. Let y(c) = -1 - c**2 - t + 3 + 8*c. Let a(i) = 6*i**2 + 202*i + 867. Let l be a(-5). Determine y(l).
5
Let w(x) = -2 + 540*x - 258*x + 7*x**2 - x**3 - 273*x. Let u be (-4)/(-10) - 38/(-5). Calculate w(u).
6
Let v(j) = -j - 29. Let q be v(0). Let k = q + 32. Let l(m) = -8 + 0*m + k*m + 10. Give l(-2).
-4
Let b be 8 + (-5 - -6 - 8). Let t(p) = 3*p - 9*p**2 + 1 - 2*p - 2. What is t(b)?
-9
Suppose 23*d + 2*d = -75. Let h(q) = -17*q + 2. Let z(t) be the second derivative of 3*t**3/2 - t**2/2 + 2*t. Let v(b) = d*h(b) - 5*z(b). Determine v(1).
5
Let o = -62 - -65. Let f(n) = n**2 - 4*n - 3. What is f(o)?
-6
Let r(q) = -q**3 + 7*q**2 - 8*q - 3. Let x(z) = -10*z - 22. Let a(d) = d + 1. Let w(u) = 4*a(u) + x(u). Let b be w(-4). Calculate r(b).
-15
Let z(a) = -5*a - 9*a + 16 - a**2 + 6*a - 2*a. Let b(y) = y - 7. Let p be b(-4). Determine z(p).
5
Let z be 5 + -1 + 3 + -2. Let b(m) = 0 - 8*m + 17*m - m**2 - 2. Let j(d) = 2*d**2 - 19*d + 3. Let r(f) = -7*b(f) - 3*j(f). Calculate r(z).
0
Let x(c) = c**3 - 16*c**2 - 19*c + 38. Let d be x(17). Let s(y) = -4*y + 3. What is s(d)?
-13
Let p(n) be the first derivative of n + 8 + 5/2*n**2. What is p(-3)?
-14
Let s(u) = u + 2. Let c = 274 + -277. Determine s(c).
-1
Let x(p) be the second derivative of -p**5/20 + p**4/3 - p**3/2 - 3*p**2/2 + 31*p + 1. Determine x(3).
-3
Suppose -114*j + 16 = -122*j. Let c(f) = 3*f**2 + f + 2. What is c(j)?
12
Let z(l) = -12*l - 2. Let t(j) = -j**3 - 10*j**2 + 9*j - 24. Let b be t(-11). What is z(b)?
22
Let k(r) = -4*r**2 + 81*r - 7. Let t(z) = 2*z**2 - 38*z + 4. Let f(l) = -6*k(l) - 13*t(l). Calculate f(5).
-20
Let y(t) be the first derivative of -3/2*t**2 + 2*t**3 + 33 + 1/4*t**4 - 6*t. What is y(-6)?
12
Let s(d) = d**3 + 4*d**2 - 9*d - 1. Let w be 152/(-26) - ((-16)/26)/(-4). Give s(w).
-19
Let f(u) = u**3 + u + 17. Let m be f(0). Suppose -3*j - 21 = -3*d, 3*d - m = j + j. Let k(a) = 2*a**3 - 3*a**d + a - 4*a**2 - 5 + 2*a**3 + 0*a**3. What is k(4)?
-1
Let q(x) = x + 3. Suppose -5*u + 15 = 5*t + 10, 0 = -2*u + 3*t + 12. Suppose -49 = 5*y - 3*h, -20 = y - h - u*h. Give q(y).
-5
Let k(f) be the first derivative of -f**5/60 + f**4/4 - 17*f**2/2 - 15. Let r(m) be the second derivative of k(m). Calculate r(5).
5
Let z be (-12)/10*(-100)/15. Let g be (1 + (-4)/z)*10. Let i(t) = 5 - 3 - 3*t + 8*t - t**2. Give i(g).
2
Let y(m) = m - 4. Let w be y(10). Let b(k) = 2*k**3 - 17*k**2 - 7*k + 25. Let x(h) = -h**3 + 8*h**2 + 4*h - 12. Let s(t) = -3*b(t) - 7*x(t). Calculate s(w).
3
Let i(k) = k - 7. Suppose 15*z + 39 = 12*z + 3*h, z + 5*h + 13 = 0. Calculate i(z).
-20
Let u(x) = 8*x**2 + 3. Let v(n) = -7*n**2 - 2. Let l(h) = -3*u(h) - 4*v(h). Give l(-1).
3
Let p = -629 + 626. Let v(w) = -4 - 4*w**2 + 5*w**2 + 5 - 4*w + w**3. Determine v(p).
-5
Let i be (-8 - -9 - -6) + 1. Let d(x) = -x + 1. Determine d(i).
-7
Let m(v) = 4*v**3 - 20*v**2 + 16*v. Let o(r) = r**3 - 5*r**2 + 4*r. Let i(c) = -c**2 + 11*c - 20. Let f be i(9). Let y(g) = f*m(g) + 9*o(g). Determine y(5).
20
Let l(m) = m**3 - 3*m**2 - 3*m + 2. Suppose 0 = 3*n + 4*b - 0 - 3, 5*n + 5*b - 10 = 0. Give l(n).
37
Let i(l) = -36*l + 1. Let c(n) = 195*n - 6. Let x(t) = 2*c(t) + 11*i(t). Give x(-12).
71
Let j(n) = n**2 + 3*n + 3. Let y(r) = -r + 27. Suppose 2*s + 3*m = 17, 0 = -4*s - 0*m - 2*m + 54. Let d be y(s). Suppose d*p = 7*p - 8. Calculate j(p).
1
Suppose 0 = -h + 6*h + 5. Let l = h + 2. Let b(m) = 2*m + l + 0 + 14*m**2 - 3*m**2. What is b(-1)?
10
Suppose 0 = -2452*f + 2476*f - 48. Let x(b) = -1. Let s(u) = 5. Let p(v) = -2*s(v) - 11*x(v). Let m(n) = -7*n - 4. Let t(d) = m(d) + 3*p(d). Give t(f).
-15
Let d be 1/(14 + -6 - 9). Let t(b) = -8*b - 5 - 2 - b. Let z(n) = -4*n - 3. Let y(r) = -3*t(r) + 7*z(r). Give y(d).
1
Let x(f) = -4*f**3 + f**2. Suppose 11 = -3*u + 26. Let v be ((-18)/u)/(4/(-10)). Let n be (-1)/3 + (-6)/v. Determine x(n).
5
Suppose 0 = 11*g - 13*g + 4. Let u(x) = x + x + g*x + 12 - 3*x. Calculate u(0).
12
Let f be (2/(-2))/(-3 - -2). Let h(s) = s - 3*s + f + 3*s. Let n be 2/8 + 308/112. What is h(n)?
4
Let h(v) be the first derivative of -3*v**4/4 + 2*v**3/3 + 3*v**2/2 + v + 948. Suppose 5*s + 7 - 37 = 5*d, 0 = -5*d + 3*s - 22. Give h(d).
27
Suppose 0 = -2*x + 4*x + 10. Let f be (-208)/(-28) - 15/35. Let k(b) = 4 + 4*b + f*b - 10*b + b**2 + 6*b. What is k(x)?
-6
Let t(q) = -q**2 + 7*q - 6. Let i = -46 - -51. Calculate t(i).
4
Let o(z) = -6*z. Suppose -2*g - g = -j - 28, 3*g - 4*j = 40. Let y(k) = -k. Let i(w) = g*y(w) - o(w). Give i(2).
-4
Let c(b) be the first derivative of -b**2 - 2*b - 30. Calculate c(3).
-8
Let q(v) = -v**2 + 87 - 32 - 29 - 25 + v. Give q(1).
1
Let h(j) be the second derivative of 7*j**4/6 - j**2/2 + j. Suppose -17*y + 20*y = 6. Suppose 0 = -3*o - 5*b - 1 + 18, -o - 9 = -y*b. What is h(o)?
13
Let p(h) = -4*h - 6. Let n(o) = -3*o - 25. Let k be 6/8*(0 + -8). Let v be n(k). What is p(v)?
22
Let r(p) = p**2 + 16*p + 20. Suppose 2*v + 33 = u, -5*v - u - 38 = 34. Determine r(v).
5
Let w(s) = -4*s + 3. Let a(q) = q - 1. Suppose c - 1 = p, c + 0*p = 4*p - 2. Let m(v) = c*w(v) + 4*a(v). Suppose 2*x = h - 0 + 11, -x + 4*h + 23 = 0. Give m(x).
-10
Let o(n) = -n. Let s(w) = w**2 - 2*w. Suppose -11 = -2*z + 5*j, -3*z - 4*j + 15 = -8*z. Let u(g) = z*o(g) + 3*s(g). Give u(1).
4
Let i(m) be the second derivative of 0 - m**2 + 1/3*m**3 - 20*m. Let t(o) = o**3 + 4*o**2 + 3*o - 3. Let u be t(-3). Give i(u).
-8
Let v = 771 - 780. Let m(r) = -3*r - 16. Calculate m(v).
11
Let x = -13 + 15. Let i(g) = x - 3 + 4*g - 4*g + 2*g. Calculate i(-2).
-5
Let t(h) = -h**2 - 29*h - 106. Let f be t(-25). Let i(y) = 2*y**3 - 8*y - 10 - 3*y**3 - 7*y**2 + 2. Give i(f).
4
Let c(t) = 8 + 2 + 7*t + 0*t - 4*t. What is c(-4)?
-2
Let l(i) be the first derivative of i**4/4 + 2*i**3/3 - 3*i**2/2 - i + 79. Determine l(-3).
-1
Let l be ((-40)/30)/(2/12). Let s(g) = g**3 + 8*g**2 + 2. What is s(l)?
2
Let z(o) be the third derivative of o**5/60 + o**4/6 - 5*o**3/6 - 3*o**2. Let f = -14 - 1. Let j = f - -9. What is z(j)?
7
Let o(z) = 3*z + 20. Let j be -7 + 3 + 5*-1. Determine o(j).
-7
Let h(o) = 3*o - 4. Suppose -7*w + 5 = -6*w. Suppose w = 3*g - 7. Give h(g).
8
Let i be (8 - 5)*16/(-24). Let o(x) = x**2 - 5*x. Determine o(i).
14
Let x be (0/40)/(0 - -5). Let c(f) be the third derivative of -4*f**2 + 1/6*f**3 - 1/3*f**4 + x*f + 0. Determine c(1).
-7
Let n(l) = -10*l + 2. Suppose 13*a + 192 = 218. Give n(a).
-18
Let f(l) = 5*l**3 + l**2 - 3*l - 7. Let j(b) = 11*b**3 + 2*b**2 - 7*b - 15. Let k(m) = -13*f(m) + 6*j(m). What is k(3)?
10
Let h(o) = o + 2. Let y(a) = -8*a + 53. Let x be y(8). Calculate h(x).
-9
Let q(c) be the first derivative of 5*c**3/3 - c**2/2 + 6*c + 53. Let h(p) = -p**2 - 1. Let r(y) = -4*h(y) - q(y). What is r(0)?
-2
Let w(f) = -f**2 - 8*f + 7. Let j be w(-7). Let k(m) = 2*m - 8. Calculate k(j).
20
Let l(i) = -14*i**3 - 26*i**2 + 14. Let m(k) = -5*k**3 - 9*k**2 + 5. Let r(o) = 6*l(o) - 17*m(o). Determine r(2).
-5
Suppose 3 = -k, 0*k = 2*l + 2*k + 2. Let b(x) = 21*x**2 + 6*x + 11. Let n(q) = -4*q**2 - q - 2. Let s(p) = l*b(p) + 11*n(p). Determine s(1).
-1
Let y(i) = -14*i**3 + 7*i**2 - 22*i - 4. Let p(l) = -12*l**3 + 6*l**2 - 19*l - 3. Let w(n) = -6*p(n) + 5*y(n). Give w(1).
3
Let l(n) b